{"id":1661,"date":"2023-04-10T08:31:28","date_gmt":"2023-04-10T11:31:28","guid":{"rendered":"https:\/\/growthmarketer.com.ar\/?page_id=1661"},"modified":"2026-02-13T10:32:10","modified_gmt":"2026-02-13T13:32:10","slug":"aviso-legal","status":"publish","type":"page","link":"https:\/\/growthmarketer.com.ar\/sistema-de-conversion\/aviso-legal\/","title":{"rendered":"Aviso Legal"},"content":{"rendered":"\t\t<div data-elementor-type=\"wp-page\" data-elementor-id=\"1661\" class=\"elementor elementor-1661\">\n\t\t\t\t\t\t<section class=\"elementor-section elementor-top-section elementor-element elementor-element-3c1edbe3 elementor-section-full_width elementor-section-height-default elementor-section-height-default\" data-id=\"3c1edbe3\" data-element_type=\"section\" data-e-type=\"section\">\n\t\t\t\t\t\t<div class=\"elementor-container elementor-column-gap-default\">\n\t\t\t\t\t<div class=\"elementor-column elementor-col-100 elementor-top-column elementor-element elementor-element-5c50ec85\" data-id=\"5c50ec85\" data-element_type=\"column\" data-e-type=\"column\">\n\t\t\t<div class=\"elementor-widget-wrap elementor-element-populated\">\n\t\t\t\t\t\t<div class=\"elementor-element elementor-element-55c507a4 elementor-widget elementor-widget-text-editor\" data-id=\"55c507a4\" data-element_type=\"widget\" data-e-type=\"widget\" data-widget_type=\"text-editor.default\">\n\t\t\t\t<div class=\"elementor-widget-container\">\n\t\t\t\t\t\t\t\t\t<h2 dir=\"ltr\">Aviso Legal<\/h2>\n<p dir=\"ltr\">\n<\/p><p><strong>INFORMACI\u00d3N IDENTIFICATIVA<\/strong><\/p>\n<p>La p\u00e1gina web www.growthmarketer.com.ar\/ es un espacio web destinado a ofrecer servicios de consultor\u00eda sobre publicidad digital e informaci\u00f3n sobre Marketing Online (Redes Sociales, publicidad digital y todo los relacionado con la Tecnolog\u00eda). El sitio web www.growthmarketer.com.ar (en adelante, el \u201csitio web\u201d) es un espacio web personal.<\/p>\n<p><\/p>\n<p dir=\"ltr\">1. USO DEL SITIO WEB Y \u00c1MBITO DE APLICACI\u00d3N<\/p>\n<p>El sitio web incluye textos y elementos gr\u00e1ficos, as\u00ed como servicios &nbsp;y contenidos (textos, gr\u00e1ficos, dibujos, dise\u00f1os, c\u00f3digos, software, fotograf\u00edas, m\u00fasica, v\u00eddeos, sonidos, bases de datos, im\u00e1genes, expresiones e informaciones, as\u00ed como cualquier otra creaci\u00f3n protegida por las leyes nacionales y los tratados internacionales sobre propiedad intelectual e industrial) son titularidad exclusiva del propietario del sitio web, quien tiene los derechos de explotaci\u00f3n necesarios. Sin perjuicio de lo anterior, los nombres comerciales, marcas o signos distintivos que aparecen a los que se hace alusi\u00f3n en este sitio web pertenecen a sus respectivos propietarios y se encuentran protegidos por la legislaci\u00f3n vigente al respecto.<\/p>\n<p>El acceso a la web y el consumo de sus servicios implica la aceptaci\u00f3n de los presentes t\u00e9rminos por&nbsp;parte del usuario.<\/p>\n<p>Se permite el uso de hiperv\u00ednculos al website, tanto a la p\u00e1gina principal como a las interiores.<\/p>\n<p>Se proh\u00edbe cualquier uso, transformaci\u00f3n o explotaci\u00f3n de los contenidos incluidos en el sitio web con finalidades contrarias a la ley, moral u orden p\u00fablico.<\/p>\n<p>Se avisa de que la mayor parte de las im\u00e1genes utilizadas para ilustrar las p\u00e1ginas y entradas del sitio web han sido tomadas de bases de datos independientes, previa adquisici\u00f3n de las correspondientes licencias de uso. El resto de im\u00e1genes son propias.<\/p>\n<p>Asimismo, se podr\u00e1 habilitar espacios en la web a terceras entidades para la publicitaci\u00f3n de sus productos os y\/o servicios. En estos casos, el propietario no ser\u00e1 responsable de establecer las condiciones generales y particulares a tener en cuenta en la utilizaci\u00f3n, prestaci\u00f3n o contrataci\u00f3n de&nbsp;estos servicios por terceros y, por tanto, no podr\u00e1 ser considerado responsable de los mismos.<\/p>\n<p>La utilizaci\u00f3n y\/o la contrataci\u00f3n de dichos servicios espec\u00edficos implica la aceptaci\u00f3n de las condiciones particulares que los regulen en la versi\u00f3n publicada en el sitio web en el momento en que se produzca dicha utilizaci\u00f3n y\/o contrataci\u00f3n.<\/p>\n<p>El propietario se reserva el derecho de retirar todos aquellos comentarios y aportaciones que vulneren el respeto a la dignidad de la persona, que sean discriminatorios, xen\u00f3fobos, racistas, pornogr\u00e1ficos, que atenten contra la juventud o la infancia, el orden o la seguridad p\u00fablica o que, a su juicio, no resultaran adecuados para su publicaci\u00f3n. En cualquier caso, el propietario no ser\u00e1 responsable de las opiniones vertidas por los usuarios a trav\u00e9s de los foros, chats, u otras herramientas de participaci\u00f3n.<\/p>\n<p>Este sitio web (o los sitio web de su propiedad) ofrece, tambi\u00e9n, diversos tipos de servicios formativos, como talleres online.<\/p>\n<p>El acceso a estos contenidos es libre y gratuito. No obstante, el uso de ciertos servicios puede requerir la cumplimentaci\u00f3n de formularios adicionales cuyas condiciones y privacidad se expondr\u00e1n expresamente.<\/p>\n<p>El uso del sitio web y sus servicios debe hacerse de forma legal y conductualmente aceptable. El usuario se compromete a hacer un uso adecuado de la plataforma, contenidos y servicios no emple\u00e1ndolos para:<\/p>\n<p>&#8211; Incurrir en actividades il\u00edcitas, ilegales o contrarias a la buena fe y al orden p\u00fablico.<\/p>\n<p>&#8211; Difundir contenidos o propaganda de car\u00e1cter racista, xen\u00f3fobo, pornogr\u00e1fico-ilegal, de apolog\u00eda del terrorismo o atentatorio contra los derechos humanos.<\/p>\n<p>&#8211; Provocar da\u00f1os en sistemas f\u00edsicos y l\u00f3gicos de sus proveedores o de terceras personas.<\/p>\n<p>&#8211; Intentar acceder y, en su caso, utilizar las cuentas de otros usuarios o servicios personales y modificar o manipular sus mensajes o contenidos.<\/p>\n<p>&#8211; Realizar spamming o env\u00edo de mensajes no solicitados.<\/p>\n<p>&#8211; Realizar cualquier otro uso que de cualquier forma puedan da\u00f1ar, inutilizar, sobrecargar, deteriorar o impedir la normal utilizaci\u00f3n del sitio web.<\/p>\n<p>El acceso a los servicios formativos puede suponer la creaci\u00f3n de una cuenta en la base de datos de la web. El uso de esta cuenta dar\u00eda acceso a diversas plataformas vinculadas al PROPIETARIO distintas a esta web donde seguir sus condiciones de uso.<\/p>\n<p><\/p>\n<p>2. T\u00c9RMINOS DE USO<\/p>\n<p>a. Descargo de Responsabilidad de Ingresos<\/p>\n<p dir=\"ltr\">Este sitio web y otros donde Lucas Acosta promociona sus productos y servicios, contienen m\u00e9todos de marketing, estrategias comerciales y otros consejos que, independientemente de los propios resultados y experiencia de Lucas Acosta, pueden no producir los mismos resultados (o cualquier otro resultado) para usted.&nbsp;<\/p>\n<p dir=\"ltr\">Lucas Acosta no ofrece absolutamente ninguna garant\u00eda, expresa o impl\u00edcita, de que si sigue los consejos o el contenido disponible en este y otros sitios webs, en los EBOOKS y en los CURSOS, ganar\u00e1 dinero, mejorar\u00e1 las ganancias actuales o resolver\u00e1 ciertos problemas, ya que existen varios factores y variables que entran en juego con respecto a un negocio determinado. Principalmente, los resultados depender\u00e1n de la naturaleza del producto o modelo de negocio, las condiciones del mercado, la experiencia del individuo y las situaciones y elementos que est\u00e1n fuera de su control. Al igual que con cualquier empresa, usted asume todos los riesgos relacionados con la inversi\u00f3n y el dinero en funci\u00f3n de su propio criterio y a su propio costo potencial.<\/p>\n<p dir=\"ltr\">\n<\/p><p dir=\"ltr\">b. Renuncia de Responsabilidad<\/p>\n<p dir=\"ltr\">Al contratar los servicios que se ofrecen en este sitio web, leer los contenidos del mismo, comprar los EBOOKS, o al realizar los CURSOS, usted asume todos los riesgos asociados con el uso de los consejos dados, con el pleno entendimiento de que usted, \u00fanicamente, es responsable de todo lo que pueda ocurrir como resultado de poner esta informaci\u00f3n en acci\u00f3n, de cualquier manera, e independientemente de su interpretaci\u00f3n de los consejos. Adem\u00e1s, acepta que Lucas Acosta no se hace responsable de ninguna manera por el \u00e9xito o el fracaso de su negocio como resultado de la informaci\u00f3n proporcionada por \u00e9l. Es su responsabilidad llevar a cabo su propia diligencia debida con respecto a la operaci\u00f3n segura y exitosa de su negocio si tiene la intenci\u00f3n de aplicar alguna informaci\u00f3n de este u otros sitios webs de Lucas Acosta, de los EBOOKS o de los CURSOS de alguna manera a sus operaciones comerciales. En resumen, usted comprende que Lucas Acosta no ofrece absolutamente ninguna garant\u00eda con respecto a los ingresos como resultado de la aplicaci\u00f3n de esta informaci\u00f3n, as\u00ed como el hecho de que usted es el \u00fanico responsable de los resultados de cualquier acci\u00f3n tomada de su parte como resultado de cualquier informaci\u00f3n dada. Adem\u00e1s, a todos los efectos, usted acepta que los contenidos deben considerarse &#8220;s\u00f3lo para fines de entretenimiento&#8221;. Siempre busque el consejo de un profesional al tomar decisiones financieras, fiscales o comerciales.&nbsp;<\/p>\n<p dir=\"ltr\">LAS VISTAS E INFORMACI\u00d3N CONTENIDAS EN ESTE U OTROS SITIOS WEBS DE LUCAS ACOSTA, SE PROPORCIONAN S\u00d3LO PARA FINES INFORMATIVOS, NO SE CONSIDERAN COMO ASESORAMIENTO FINANCIERO Y REPRESENTAN LAS VISTAS ACTUALES DE BUENA FE DEL AUTOR EN EL MOMENTO DE LA PUBLICACI\u00d3N.<\/p>\n<p dir=\"ltr\">LAS DECLARACIONES ANTERIORES SON UNA REPRESENTACI\u00d3N DE LAS EXPERIENCIAS DEL VENDEDOR. CADA ESFUERZO SE HA REALIZADO PARA REPRESENTAR EXACTAMENTE LOS PRODUCTOS Y SERVICIOS QUE OFRECE LUCAS ACOSTA Y SU POTENCIAL. LOS EJEMPLOS Y TESTIMONIOS PRESENTES EN LOS SITIOS WEBS, EN LOS EBOOKS Y EN LOS CURSOS, NO DEBEN SER INTERPRETADOS COMO PROMESA O GARANT\u00cdA DE RESULTADOS. Cualquier referencia al desempe\u00f1o de una estrategia no debe interpretarse como garant\u00eda de resultados .<\/p>\n<p dir=\"ltr\">\n<\/p><p>2. POL\u00cdTICAS DE PROTECCI\u00d3N DE DATOS<\/p>\n<p>Los datos personales se recopilan con su consentimiento y respetando la legislaci\u00f3n de protecci\u00f3n de datos personales. En cumplimiento de la normativa aplicable se le informa que &#8220;El titular de los datos personales tiene la facultad de ejercer el derecho de acceso a los mismos en forma gratuita a intervalos no inferiores a seis meses, salvo que se acredite un inter\u00e9s leg\u00edtimo al efecto conforme lo establecido en el art\u00edculo 14, inciso 3 de la Ley N\u00ba 25.326&#8221; y que la &#8220;AGENCIA DE ACCESO A LA INFORMACI\u00d3N P\u00daBLICA\u201d, \u00d3rgano de Control de la Ley N\u00ba 25.326, tiene la atribuci\u00f3n de atender las denuncias y reclamos que se interpongan con relaci\u00f3n al incumplimiento de las normas sobre protecci\u00f3n de datos personales&#8221;. Para mayor informaci\u00f3n consulte mi <a href=\"https:\/\/growthmarketer.com.ar\/politica-de-privacidad\/\">Pol\u00edtica de Privacidad<\/a><\/p>\n<p><\/p>\n<p>3. POL\u00cdTICAS DE COOKIES<\/p>\n<p>Este sitio web utiliza cookies con el objetivo de personalizar el contenido y los anuncios, ofrecer funciones de redes sociales y analizar el tr\u00e1fico.<\/p>\n<p>Adem\u00e1s, compartimos informaci\u00f3n sobre el uso que haga del sitio web con nuestros partners de redes sociales, publicidad y an\u00e1lisis web, quienes pueden combinarla con otra informaci\u00f3n que les haya proporcionado o que hayan recopilado a partir del uso que haya hecho de sus servicios.<\/p>\n<p>Puede encontrar informaci\u00f3n m\u00e1s detallada sobre el uso de cookies de este sitio web en la secci\u00f3n <a href=\"https:\/\/growthmarketer.com.ar\/politica-de-privacidad\/\">Pol\u00edtica de Privacidad<\/a>.<\/p>\n<p><\/p>\n<p>4. RESOLUCI\u00d3N DE CONFLICTOS<\/p>\n<p>El acceso y uso del sitio web se rige por la legislaci\u00f3n de la Rep\u00fablica Argentina, excluyendo las normas indirectas de derecho internacional que se apliquen a usuarios espec\u00edficos. Los usuarios del sitio web aceptan someterse a la jurisdicci\u00f3n de los Tribunales Ordinarios de la Ciudad de Santa Fe, con expresa renuncia a cualquier otro fuero o jurisdicci\u00f3n que pudiera corresponder.<\/p>\n<p><\/p>\n<p>Este Aviso Legal entra en vigencia en fecha enero 2020.<\/p>\n<p><!-- \/wp:paragraph --><\/p>\t\t\t\t\t\t\t\t<\/div>\n\t\t\t\t<\/div>\n\t\t\t\t\t<\/div>\n\t\t<\/div>\n\t\t\t\t\t<\/div>\n\t\t<\/section>\n\t\t\t\t<section class=\"elementor-section elementor-top-section elementor-element elementor-element-1d89632 elementor-section-boxed elementor-section-height-default elementor-section-height-default\" data-id=\"1d89632\" data-element_type=\"section\" data-e-type=\"section\">\n\t\t\t\t\t\t<div class=\"elementor-container elementor-column-gap-default\">\n\t\t\t\t\t<div class=\"elementor-column elementor-col-100 elementor-top-column elementor-element elementor-element-3a289bf\" data-id=\"3a289bf\" data-element_type=\"column\" data-e-type=\"column\">\n\t\t\t<div class=\"elementor-widget-wrap elementor-element-populated\">\n\t\t\t\t\t\t<div class=\"elementor-element elementor-element-b700364 elementor-widget elementor-widget-spacer\" data-id=\"b700364\" data-element_type=\"widget\" data-e-type=\"widget\" data-widget_type=\"spacer.default\">\n\t\t\t\t<div class=\"elementor-widget-container\">\n\t\t\t\t\t\t\t<div class=\"elementor-spacer\">\n\t\t\t<div class=\"elementor-spacer-inner\"><\/div>\n\t\t<\/div>\n\t\t\t\t\t\t<\/div>\n\t\t\t\t<\/div>\n\t\t\t\t\t<\/div>\n\t\t<\/div>\n\t\t\t\t\t<\/div>\n\t\t<\/section>\n\t\t\t\t<\/div>\n\t\t","protected":false},"excerpt":{"rendered":"<p>Aviso Legal INFORMACI\u00d3N IDENTIFICATIVA La p\u00e1gina web www.growthmarketer.com.ar\/ es un espacio web destinado a ofrecer servicios de consultor\u00eda sobre publicidad digital e informaci\u00f3n sobre Marketing Online (Redes Sociales, publicidad digital y todo los relacionado con la Tecnolog\u00eda). El sitio web www.growthmarketer.com.ar (en adelante, el \u201csitio web\u201d) es un espacio web personal. 1. USO DEL SITIO [&hellip;]<\/p>\n","protected":false},"author":1,"featured_media":0,"parent":0,"menu_order":0,"comment_status":"closed","ping_status":"closed","template":"elementor_header_footer","meta":{"site-sidebar-layout":"default","site-content-layout":"","ast-site-content-layout":"","site-content-style":"default","site-sidebar-style":"default","ast-global-header-display":"","ast-banner-title-visibility":"","ast-main-header-display":"","ast-hfb-above-header-display":"","ast-hfb-below-header-display":"","ast-hfb-mobile-header-display":"","site-post-title":"","ast-breadcrumbs-content":"","ast-featured-img":"","footer-sml-layout":"","theme-transparent-header-meta":"","adv-header-id-meta":"","stick-header-meta":"","header-above-stick-meta":"","header-main-stick-meta":"","header-below-stick-meta":"","astra-migrate-meta-layouts":"default","ast-page-background-enabled":"default","ast-page-background-meta":{"desktop":{"background-color":"","background-image":"","background-repeat":"repeat","background-position":"center center","background-size":"auto","background-attachment":"scroll","background-type":"","background-media":"","overlay-type":"","overlay-color":"","overlay-opacity":"","overlay-gradient":""},"tablet":{"background-color":"","background-image":"","background-repeat":"repeat","background-position":"center center","background-size":"auto","background-attachment":"scroll","background-type":"","background-media":"","overlay-type":"","overlay-color":"","overlay-opacity":"","overlay-gradient":""},"mobile":{"background-color":"","background-image":"","background-repeat":"repeat","background-position":"center center","background-size":"auto","background-attachment":"scroll","background-type":"","background-media":"","overlay-type":"","overlay-color":"","overlay-opacity":"","overlay-gradient":""}},"ast-content-background-meta":{"desktop":{"background-color":"var(--ast-global-color-5)","background-image":"","background-repeat":"repeat","background-position":"center center","background-size":"auto","background-attachment":"scroll","background-type":"","background-media":"","overlay-type":"","overlay-color":"","overlay-opacity":"","overlay-gradient":""},"tablet":{"background-color":"var(--ast-global-color-5)","background-image":"","background-repeat":"repeat","background-position":"center center","background-size":"auto","background-attachment":"scroll","background-type":"","background-media":"","overlay-type":"","overlay-color":"","overlay-opacity":"","overlay-gradient":""},"mobile":{"background-color":"var(--ast-global-color-5)","background-image":"","background-repeat":"repeat","background-position":"center center","background-size":"auto","background-attachment":"scroll","background-type":"","background-media":"","overlay-type":"","overlay-color":"","overlay-opacity":"","overlay-gradient":""}},"footnotes":""},"class_list":["post-1661","page","type-page","status-publish","hentry"],"aioseo_notices":[],"rttpg_featured_image_url":null,"rttpg_author":{"display_name":"Lucas Acosta","author_link":"https:\/\/growthmarketer.com.ar\/sistema-de-conversion\/author\/lucas-gestionempresariagmail-com\/"},"rttpg_comment":0,"rttpg_category":null,"rttpg_excerpt":"Aviso Legal INFORMACI\u00d3N IDENTIFICATIVA La p\u00e1gina web www.growthmarketer.com.ar\/ es un espacio web destinado a ofrecer servicios de consultor\u00eda sobre publicidad digital e informaci\u00f3n sobre Marketing Online (Redes Sociales, publicidad digital y todo los relacionado con la Tecnolog\u00eda). El sitio web www.growthmarketer.com.ar (en adelante, el \u201csitio web\u201d) es un espacio web personal. 1. USO DEL SITIO&hellip;","_links":{"self":[{"href":"https:\/\/growthmarketer.com.ar\/sistema-de-conversion\/wp-json\/wp\/v2\/pages\/1661","targetHints":{"allow":["GET"]}}],"collection":[{"href":"https:\/\/growthmarketer.com.ar\/sistema-de-conversion\/wp-json\/wp\/v2\/pages"}],"about":[{"href":"https:\/\/growthmarketer.com.ar\/sistema-de-conversion\/wp-json\/wp\/v2\/types\/page"}],"author":[{"embeddable":true,"href":"https:\/\/growthmarketer.com.ar\/sistema-de-conversion\/wp-json\/wp\/v2\/users\/1"}],"replies":[{"embeddable":true,"href":"https:\/\/growthmarketer.com.ar\/sistema-de-conversion\/wp-json\/wp\/v2\/comments?post=1661"}],"version-history":[{"count":34,"href":"https:\/\/growthmarketer.com.ar\/sistema-de-conversion\/wp-json\/wp\/v2\/pages\/1661\/revisions"}],"predecessor-version":[{"id":3824,"href":"https:\/\/growthmarketer.com.ar\/sistema-de-conversion\/wp-json\/wp\/v2\/pages\/1661\/revisions\/3824"}],"wp:attachment":[{"href":"https:\/\/growthmarketer.com.ar\/sistema-de-conversion\/wp-json\/wp\/v2\/media?parent=1661"}],"curies":[{"name":"wp","href":"https:\/\/api.w.org\/{rel}","templated":true}]}}